{"id":470,"date":"2012-02-14T19:28:36","date_gmt":"2012-02-14T19:28:36","guid":{"rendered":"http:\/\/81.43.226.47\/giec_uva\/?page_id=470"},"modified":"2015-12-02T14:39:27","modified_gmt":"2015-12-02T14:39:27","slug":"proyectos-innovacion-docente","status":"publish","type":"page","link":"https:\/\/giec.blogs.uva.es\/?page_id=470","title":{"rendered":"Teaching Research Projects"},"content":{"rendered":"<p>[:es]<\/p>\n<ul>\n<li>\u00abDesarrollo de din\u00e1micas de trabajo interdisciplinar y coordinaci\u00f3n de los m\u00e1steres de Comercio Exterior, Cooperaci\u00f3n Internacional para el Desarrollo y Econom\u00eda de la Cultura y Gesti\u00f3n Cultural\u00bb. FECHA DE RECONOCIMIENTO: Julio de 2014 CURSOS ACAD\u00c9MICOS: 2014\/2015<\/li>\n<li>Innovaci\u00f3n Docente en Programas Oficiales de Posgrado de car\u00e1cter interdisciplinar: Tutela de Proyectos Fin de M\u00e1ster, coordinaci\u00f3n de asignaturas tipo taller y conexi\u00f3n con el mercado de trabajo. FECHA DE RECONOCIMIENTO: Consejo de Gobierno de la Universidad de Valladolid, Junio 2011 CURSOS ACAD\u00c9MICOS: 2010\/2011 y sigue<\/li>\n<li>T\u00edtulo del proyecto: Desarrollo e implementaci\u00f3n de un sistema de un sistema de tutor\u00edas y material did\u00e1ctico como apoyo a la docencia, basado en una red telem\u00e1tica, para asignaturas troncales impartidas en la Escuela Universitaria de Estudios Empresariales de Valladolid<br \/>\nEntidad financiadora: Consejer\u00eda de Educaci\u00f3n y Cultura de la Junta de Castilla y Le\u00f3n<br \/>\nDuraci\u00f3n desde: Noviembre 1998 hasta: Noviembre 2000<br \/>\nInvestigador principal: Oscar M. Gonz\u00e1lez Rodr\u00edguez<\/li>\n<li>T\u00edtulo del proyecto: Desarrollo de material did\u00e1ctico hipertexto como apoyo a la ense\u00f1anza de materias troncales en la Escuela Universitaria de Estudios Empresariales de Valladolid<br \/>\nEntidad financiadora: Consejer\u00eda de Educaci\u00f3n y Cultura de la Junta de Castilla y Le\u00f3n<br \/>\nDuraci\u00f3n desde: Noviembre 1999 hasta: Noviembre 2001<br \/>\nInvestigador principal: Oscar M. Gonz\u00e1lez Rodr\u00edguez<\/li>\n<\/ul>\n<p>[:gb]<\/p>\n<ul>\n<li>\u00abDesarrollo de din\u00e1micas de trabajo interdisciplinar y coordinaci\u00f3n de los m\u00e1steres de Comercio Exterior, Cooperaci\u00f3n Internacional para el Desarrollo y Econom\u00eda de la Cultura y Gesti\u00f3n Cultural\u00bb. FECHA DE RECONOCIMIENTO: Julio de 2014 CURSOS ACAD\u00c9MICOS: 2014\/2015<\/li>\n<li>Innovaci\u00f3n Docente en Programas Oficiales de Posgrado de car\u00e1cter interdisciplinar: Tutela de Proyectos Fin de M\u00e1ster, coordinaci\u00f3n de asignaturas tipo taller y conexi\u00f3n con el mercado de trabajo. FECHA DE RECONOCIMIENTO: Consejo de Gobierno de la Universidad de Valladolid, Junio 2011 CURSOS ACAD\u00c9MICOS: 2010\/2011 y sigue<\/li>\n<li>T\u00edtulo del proyecto: Desarrollo e implementaci\u00f3n de un sistema de un sistema de tutor\u00edas y material did\u00e1ctico como apoyo a la docencia, basado en una red telem\u00e1tica, para asignaturas troncales impartidas en la Escuela Universitaria de Estudios Empresariales de Valladolid<br \/>\nEntidad financiadora: Consejer\u00eda de Educaci\u00f3n y Cultura de la Junta de Castilla y Le\u00f3n<br \/>\nDuraci\u00f3n desde: Noviembre 1998 hasta: Noviembre 2000<br \/>\nInvestigador principal: Oscar M. Gonz\u00e1lez Rodr\u00edguez<\/li>\n<li>T\u00edtulo del proyecto: Desarrollo de material did\u00e1ctico hipertexto como apoyo a la ense\u00f1anza de materias troncales en la Escuela Universitaria de Estudios Empresariales de Valladolid<br \/>\nEntidad financiadora: Consejer\u00eda de Educaci\u00f3n y Cultura de la Junta de Castilla y Le\u00f3n<br \/>\nDuraci\u00f3n desde: Noviembre 1999 hasta: Noviembre 2001<br \/>\nInvestigador principal: Oscar M. Gonz\u00e1lez Rodr\u00edguez<\/li>\n<\/ul>\n","protected":false},"excerpt":{"rendered":"<p>[:es] \u00abDesarrollo de din\u00e1micas de trabajo interdisciplinar y coordinaci\u00f3n de los m\u00e1steres de Comercio Exterior, Cooperaci\u00f3n Internacional para el Desarrollo y Econom\u00eda de la Cultura y Gesti\u00f3n Cultural\u00bb. FECHA DE RECONOCIMIENTO: Julio de 2014 CURSOS ACAD\u00c9MICOS: 2014\/2015 Innovaci\u00f3n Docente en Programas Oficiales de Posgrado de car\u00e1cter interdisciplinar: Tutela de Proyectos Fin de M\u00e1ster, coordinaci\u00f3n de [&hellip;]<\/p>\n","protected":false},"author":1,"featured_media":0,"parent":0,"menu_order":0,"comment_status":"closed","ping_status":"closed","template":"","meta":{"footnotes":""},"class_list":["post-470","page","type-page","status-publish","hentry"],"_links":{"self":[{"href":"https:\/\/giec.blogs.uva.es\/index.php?rest_route=\/wp\/v2\/pages\/470","targetHints":{"allow":["GET"]}}],"collection":[{"href":"https:\/\/giec.blogs.uva.es\/index.php?rest_route=\/wp\/v2\/pages"}],"about":[{"href":"https:\/\/giec.blogs.uva.es\/index.php?rest_route=\/wp\/v2\/types\/page"}],"author":[{"embeddable":true,"href":"https:\/\/giec.blogs.uva.es\/index.php?rest_route=\/wp\/v2\/users\/1"}],"replies":[{"embeddable":true,"href":"https:\/\/giec.blogs.uva.es\/index.php?rest_route=%2Fwp%2Fv2%2Fcomments&post=470"}],"version-history":[{"count":0,"href":"https:\/\/giec.blogs.uva.es\/index.php?rest_route=\/wp\/v2\/pages\/470\/revisions"}],"wp:attachment":[{"href":"https:\/\/giec.blogs.uva.es\/index.php?rest_route=%2Fwp%2Fv2%2Fmedia&parent=470"}],"curies":[{"name":"wp","href":"https:\/\/api.w.org\/{rel}","templated":true}]}}