{"id":468,"date":"2012-02-14T19:28:11","date_gmt":"2012-02-14T19:28:11","guid":{"rendered":"http:\/\/81.43.226.47\/giec_uva\/?page_id=468"},"modified":"2015-12-02T14:36:43","modified_gmt":"2015-12-02T14:36:43","slug":"participa","status":"publish","type":"page","link":"https:\/\/giec.blogs.uva.es\/?page_id=468","title":{"rendered":"Taking part"},"content":{"rendered":"<p>[:es]<\/p>\n<ul>\n<li>M\u00e1ster Universitario en Desarrollo Econ\u00f3mico Regional y Local y Gesti\u00f3n del Territorio.\u00a0<a title=\"Universidad de Valladolid\" href=\"http:\/\/master.uva.es\/desarrollo-economico-regional-y-local-y-gestion-del-territorio\" target=\"_blank\">Universidad de Valladolid<\/a><\/li>\n<li>M\u00e1ster de Investigaci\u00f3n en Contabilidad y Gesti\u00f3n Financiera.\u00a0<a title=\"Universidad de Valladolid\" href=\"http:\/\/master.uva.es\/investigacion-en-contabilidad-y-gestion-financiera\" target=\"_blank\">Universidad de Valladolid<\/a><\/li>\n<li>M\u00e1ster Universitario en Comercio Exterior.\u00a0<a title=\"Universidad de Valladolid\" href=\"http:\/\/master.uva.es\/comercio-exterior\" target=\"_blank\">Universidad de Valladolid<\/a><\/li>\n<li>Experto Universitario en Gesti\u00f3n Cultural.\u00a0<a title=\"Universidad de Oviedo\" href=\"http:\/\/directo.uniovi.es\/postgrado\/cabecera_ep.asp?Curso=2010&amp;IdPrograma=6641\" target=\"_blank\">Universidad de Oviedo<\/a><\/li>\n<li>M\u00e1ster Universitario en Evaluaci\u00f3n y Gesti\u00f3n del Patrimonio Hist\u00f3rico.\u00a0<a title=\"Universidad de Salamanca\" href=\"http:\/\/www.usal.es\/webusal\/node\/428\" target=\"_blank\">Universidad de Salamanca<\/a><\/li>\n<li>M\u00e1ster Universitario en Direcci\u00f3n de Empresas de Turismo.\u00a0<a title=\"Universidad de Alcal\u00e1 de Henares\" href=\"http:\/\/www.uah.es\/estudios\/postgrado\/programa.asp?CdPlan=M050\" target=\"_blank\">Universidad de Alcal\u00e1 de Henares<\/a><\/li>\n<\/ul>\n<p>[:gb]<\/p>\n<ul>\n<li>University Master\u2019s Degree in Regional and Local Economic Development and Territorial Management <a title=\"Universidad de Valladolid\" href=\"http:\/\/master.uva.es\/desarrollo-economico-regional-y-local-y-gestion-del-territorio\" target=\"_blank\">Universidad de Valladolid<\/a><\/li>\n<li>M\u00e1ster de Investigaci\u00f3n en Contabilidad y Gesti\u00f3n Financiera.\u00a0<a title=\"Universidad de Valladolid\" href=\"http:\/\/master.uva.es\/investigacion-en-contabilidad-y-gestion-financiera\" target=\"_blank\">Universidad de Valladolid<\/a><\/li>\n<li>M\u00e1ster Universitario en Comercio Exterior.\u00a0<a title=\"Universidad de Valladolid\" href=\"http:\/\/master.uva.es\/comercio-exterior\" target=\"_blank\">Universidad de Valladolid<\/a><\/li>\n<li>Experto Universitario en Gesti\u00f3n Cultural.\u00a0<a title=\"Universidad de Oviedo\" href=\"http:\/\/directo.uniovi.es\/postgrado\/cabecera_ep.asp?Curso=2010&amp;IdPrograma=6641\" target=\"_blank\">Universidad de Oviedo<\/a><\/li>\n<li>M\u00e1ster Universitario en Evaluaci\u00f3n y Gesti\u00f3n del Patrimonio Hist\u00f3rico.\u00a0<a title=\"Universidad de Salamanca\" href=\"http:\/\/www.usal.es\/webusal\/node\/428\" target=\"_blank\">Universidad de Salamanca<\/a><\/li>\n<li>M\u00e1ster Universitario en Direcci\u00f3n de Empresas de Turismo.\u00a0<a title=\"Universidad de Alcal\u00e1 de Henares\" href=\"http:\/\/www.uah.es\/estudios\/postgrado\/programa.asp?CdPlan=M050\" target=\"_blank\">Universidad de Alcal\u00e1 de Henares<\/a><\/li>\n<\/ul>\n","protected":false},"excerpt":{"rendered":"<p>[:es] M\u00e1ster Universitario en Desarrollo Econ\u00f3mico Regional y Local y Gesti\u00f3n del Territorio.\u00a0Universidad de Valladolid M\u00e1ster de Investigaci\u00f3n en Contabilidad y Gesti\u00f3n Financiera.\u00a0Universidad de Valladolid M\u00e1ster Universitario en Comercio Exterior.\u00a0Universidad de Valladolid Experto Universitario en Gesti\u00f3n Cultural.\u00a0Universidad de Oviedo M\u00e1ster Universitario en Evaluaci\u00f3n y Gesti\u00f3n del Patrimonio Hist\u00f3rico.\u00a0Universidad de Salamanca M\u00e1ster Universitario en Direcci\u00f3n de [&hellip;]<\/p>\n","protected":false},"author":1,"featured_media":0,"parent":0,"menu_order":0,"comment_status":"closed","ping_status":"closed","template":"","meta":{"footnotes":""},"class_list":["post-468","page","type-page","status-publish","hentry"],"_links":{"self":[{"href":"https:\/\/giec.blogs.uva.es\/index.php?rest_route=\/wp\/v2\/pages\/468","targetHints":{"allow":["GET"]}}],"collection":[{"href":"https:\/\/giec.blogs.uva.es\/index.php?rest_route=\/wp\/v2\/pages"}],"about":[{"href":"https:\/\/giec.blogs.uva.es\/index.php?rest_route=\/wp\/v2\/types\/page"}],"author":[{"embeddable":true,"href":"https:\/\/giec.blogs.uva.es\/index.php?rest_route=\/wp\/v2\/users\/1"}],"replies":[{"embeddable":true,"href":"https:\/\/giec.blogs.uva.es\/index.php?rest_route=%2Fwp%2Fv2%2Fcomments&post=468"}],"version-history":[{"count":0,"href":"https:\/\/giec.blogs.uva.es\/index.php?rest_route=\/wp\/v2\/pages\/468\/revisions"}],"wp:attachment":[{"href":"https:\/\/giec.blogs.uva.es\/index.php?rest_route=%2Fwp%2Fv2%2Fmedia&parent=468"}],"curies":[{"name":"wp","href":"https:\/\/api.w.org\/{rel}","templated":true}]}}