{"id":1511,"date":"2015-06-04T09:52:17","date_gmt":"2015-06-04T09:52:17","guid":{"rendered":"http:\/\/giec.blogs.uva.es\/?page_id=1511"},"modified":"2019-07-12T08:45:56","modified_gmt":"2019-07-12T08:45:56","slug":"ivan-boal-san-miguel","status":"publish","type":"page","link":"https:\/\/giec.blogs.uva.es\/?page_id=1511","title":{"rendered":"Iv\u00e1n Boal San Miguel"},"content":{"rendered":"<p>[:es]<br \/>\nVolver<\/p>\n<h1 style=\"margin-top: 5px\"><a href=\"https:\/\/giec.blogs.uva.es\/files\/2015\/06\/Foto.png\"><img loading=\"lazy\" decoding=\"async\" class=\" wp-image-1605 alignright\" src=\"https:\/\/giec.blogs.uva.es\/files\/2015\/06\/Foto-300x208.png\" alt=\"Foto\" width=\"269\" height=\"187\" srcset=\"https:\/\/giec.blogs.uva.es\/files\/2015\/06\/Foto-300x208.png 300w, https:\/\/giec.blogs.uva.es\/files\/2015\/06\/Foto-250x173.png 250w, https:\/\/giec.blogs.uva.es\/files\/2015\/06\/Foto.png 480w\" sizes=\"auto, (max-width: 269px) 100vw, 269px\" \/><\/a><\/h1>\n<p style=\"font-style: normal\"><a href=\"https:\/\/giec.blogs.uva.es\/?page_id=968\" target=\"_self\" rel=\"noopener noreferrer\">\u00ab<br \/>\n<\/a><\/p>\n<p style=\"font-style: normal\">Alumno Doctorado Econom\u00eda<\/p>\n<p style=\"line-height: 22px\">Departamento Econom\u00eda Aplicada<\/p>\n<p style=\"line-height: 22px\">Facultad de Comercio<\/p>\n<p style=\"line-height: 22px\">Plaza del Campus Universitario, 1,\u00a047011, Valladolid<\/p>\n<p class=\"telefono\" style=\"margin-bottom: 5px;line-height: 22px\">Tel\u00e9fono: +34 983 423 576<\/p>\n<p class=\"email\" style=\"margin-bottom: 5px;line-height: 22px\">Email:\u00a0boal03@hotmail.com<\/p>\n<p class=\"web\" style=\"margin-bottom: 5px;line-height: 22px\">Web: <a href=\"http:\/\/www.emp.uva.es\/giec\" target=\"_blank\" rel=\"noopener noreferrer\">http:\/\/www.emp.uva.es\/giec<\/a><\/p>\n<p style=\"font-weight: bold;margin-bottom: 8px;line-height: 175%\">CV breve<\/p>\n<div style=\"background-color: #c5d3e2;width: 100%;height: 185px;overflow: auto;margin-bottom: 10px\">\n<p>\u00a0Diplomado en Ciencias Empresariales y Graduado en Administraci\u00f3n y Direcci\u00f3n de Empresas por la Universidad de Valladolid, as\u00ed como M\u00e1ster en Investigaci\u00f3n en Econom\u00eda de esta misma Universidad y el postgrado de formaci\u00f3n de Gestores de I+D+i de la Agencia de Innovaci\u00f3n de la Junta de Castilla y Le\u00f3n. Obtiene beca en proyecto de la Escuela Universitaria de Estudios Empresariales en la Universidad de Valladolid. Obtuvo el \u201cPrimer premio de Investigaci\u00f3n de la Diputaci\u00f3n de Valladolid\u201d por su tesina, y la publicaci\u00f3n de su primer libro ha sido fruto de la obtenci\u00f3n de la beca en Econom\u00eda Aplicada Regional \u201cJos\u00e9 Antonio Mart\u00edn Boadilla\u201d. Su investigaci\u00f3n en econom\u00eda de la cultura se centra en el an\u00e1lisis espacial de las actividades culturales, as\u00ed como su implicaci\u00f3n en el desarrollo econ\u00f3mico local y regional, asistiendo a seminarios de formaci\u00f3n en diferentes universidades. Ha impartido docencia como experto invitado dentro de la asignatura Evaluaci\u00f3n de instituciones y pol\u00edticas culturales del M\u00e1ster de Econom\u00eda de la Cultura y Gesti\u00f3n Cultural de la Universidad de Valladolid. Ha presentado comunicaciones en diferentes congresos cient\u00edficos de car\u00e1cter nacional e internacional, como XL Reuni\u00f3n de Estudios Regionales 2014, VI Workshop de Econom\u00eda y Gesti\u00f3n de la Cultura de la Universidad de Nebrija, XII Jornadas Internacionales de Pol\u00edtica Econ\u00f3mica de Toledo, Seminario Internacional de Econom\u00eda Regional de las Actividades Creativas de la Universidad de Alcal\u00e1.<\/p>\n<\/div>\n<p style=\"font-weight: bold;margin-bottom: 8px;line-height: 175%\">Principales Publicaciones<\/p>\n<div style=\"background-color: #c5d3e2;width: 100%;height: 185px;overflow: auto;margin-bottom: 10px\">\n<p>Herrero-Prieto, L.C.; Boal-San Miguel, I. y G\u00f3mez-Vega, M. (2019): \u201cDeep-Rooted Culture and Economic Development: Taking the Seven Deadly Sins to Build a Well-Being Composite Indicator\u201d, <em>Social Indicators Research<\/em>, 144(2), 601-624.<\/p>\n<p>Boal San Miguel, I. (2019): \u201cThe geography of creative and cultural industries in Spain: location and economies of agglomeration\u201d, <em>Commentary on Cultural Industry in China<\/em>. Cultural Industry Innovation &amp; Development Academy, Shanghai Jiao Tong University, China, 27.<\/p>\n<p>Boal, I. y Herrero, L.C. (2018): \u201cWhere are the artists? Analysing economies of agglomeration in Castile and Leon, Spain\u201d, <em>Papers in Regional Science<\/em>, (97)4, 995-1016.<\/p>\n<p>Boal, I. y Herrero, L.C. (2017): \u201cLa distribuci\u00f3n espacial de las actividades culturales y creativas en Castilla y Le\u00f3n: un an\u00e1lisis mediante t\u00e9cnicas de econometr\u00eda espacial\u201d, en M. Valdivida L\u00f3pez y J.R. Cuadrado Roura (Eds.) <em>La Econom\u00eda de las actividades creativas: una perspectiva desde Espa\u00f1a y M\u00e9xico<\/em>, CRIM-UNAM y Universidad de Alcal\u00e1, M\u00e9xico, Madrid.<\/p>\n<p>Boal San Miguel, I (2015): <em>El sector cultural y creativo en Castilla y Le\u00f3n: an\u00e1lisis espacial y desarrollo econ\u00f3mico<\/em>. Diputaci\u00f3n de Palencia, Palencia.<\/p>\n<\/div>\n<p>[:gb]<\/p>\n<h1 style=\"margin-top: 5px\"><a href=\"https:\/\/giec.blogs.uva.es\/files\/2015\/06\/Foto.png\"><img loading=\"lazy\" decoding=\"async\" class=\" wp-image-1605 alignright\" src=\"https:\/\/giec.blogs.uva.es\/files\/2015\/06\/Foto-300x208.png\" alt=\"Foto\" width=\"269\" height=\"187\" srcset=\"https:\/\/giec.blogs.uva.es\/files\/2015\/06\/Foto-300x208.png 300w, https:\/\/giec.blogs.uva.es\/files\/2015\/06\/Foto-250x173.png 250w, https:\/\/giec.blogs.uva.es\/files\/2015\/06\/Foto.png 480w\" sizes=\"auto, (max-width: 269px) 100vw, 269px\" \/><\/a><\/h1>\n<p>Return<\/p>\n<p style=\"font-style: normal\">Phd Student in Economics<\/p>\n<p style=\"line-height: 22px\">Applied Economics Department<\/p>\n<p style=\"line-height: 22px\">Faculty of Business<\/p>\n<p style=\"line-height: 22px\">Plaza del Campus Universitario, 1,\u00a047011, Valladolid<\/p>\n<p class=\"telephone\" style=\"margin-bottom: 5px;line-height: 22px\">Telephone: +34 983 423 576<\/p>\n<p class=\"email\" style=\"margin-bottom: 5px;line-height: 22px\">Email:\u00a0boal03@hotmail.com<\/p>\n<p class=\"web\" style=\"margin-bottom: 5px;line-height: 22px\">Web: <a href=\"http:\/\/www.emp.uva.es\/giec\" target=\"_blank\" rel=\"noopener noreferrer\">http:\/\/www.emp.uva.es\/giec<\/a><\/p>\n<p style=\"font-weight: bold;margin-bottom: 8px;line-height: 175%\">Short CV<\/p>\n<div style=\"background-color: #c5d3e2;width: 100%;height: 185px;overflow: auto;margin-bottom: 10px\">\n<p>\u00a0Diplomado en Ciencias Empresariales y Graduado en Administraci\u00f3n y Direcci\u00f3n de Empresas por la Universidad de Valladolid, as\u00ed como M\u00e1ster en Investigaci\u00f3n en Econom\u00eda de esta misma Universidad y el postgrado de formaci\u00f3n de Gestores de I+D+i de la Agencia de Innovaci\u00f3n de la Junta de Castilla y Le\u00f3n. Obtiene beca en proyecto de la Escuela Universitaria de Estudios Empresariales en la Universidad de Valladolid. Obtuvo el \u201cPrimer premio de Investigaci\u00f3n de la Diputaci\u00f3n de Valladolid\u201d por su tesina, y la publicaci\u00f3n de su primer libro ha sido fruto de la obtenci\u00f3n de la beca en Econom\u00eda Aplicada Regional \u201cJos\u00e9 Antonio Mart\u00edn Boadilla\u201d. Su investigaci\u00f3n en econom\u00eda de la cultura se centra en el an\u00e1lisis espacial de las actividades culturales, as\u00ed como su implicaci\u00f3n en el desarrollo econ\u00f3mico local y regional, asistiendo a seminarios de formaci\u00f3n en diferentes universidades. Ha impartido docencia como experto invitado dentro de la asignatura Evaluaci\u00f3n de instituciones y pol\u00edticas culturales del M\u00e1ster de Econom\u00eda de la Cultura y Gesti\u00f3n Cultural de la Universidad de Valladolid. Ha presentado comunicaciones en diferentes congresos cient\u00edficos de car\u00e1cter nacional e internacional, como XL Reuni\u00f3n de Estudios Regionales 2014, VI Workshop de Econom\u00eda y Gesti\u00f3n de la Cultura de la Universidad de Nebrija, XII Jornadas Internacionales de Pol\u00edtica Econ\u00f3mica de Toledo, Seminario Internacional de Econom\u00eda Regional de las Actividades Creativas de la Universidad de Alcal\u00e1.<\/p>\n<\/div>\n<p style=\"font-weight: bold;margin-bottom: 8px;line-height: 175%\">Main Publications<\/p>\n<div style=\"background-color: #c5d3e2;width: 100%;height: 185px;overflow: auto;margin-bottom: 10px\">\n<p>Herrero-Prieto, L.C.; Boal-San Miguel, I. y G\u00f3mez-Vega, M. (2019): \u201cDeep-Rooted Culture and Economic Development: Taking the Seven Deadly Sins to Build a Well-Being Composite Indicator\u201d, <em>Social Indicators Research<\/em>, 144(2), 601-624.<\/p>\n<p>Boal San Miguel, I. (2019): \u201cThe geography of creative and cultural industries in Spain: location and economies of agglomeration\u201d, <em>Commentary on Cultural Industry in China<\/em>. Cultural Industry Innovation &amp; Development Academy, Shanghai Jiao Tong University, China, 27.<\/p>\n<p>Boal, I. y Herrero, L.C. (2018): \u201cWhere are the artists? Analysing economies of agglomeration in Castile and Leon, Spain\u201d, <em>Papers in Regional Science<\/em>, (97)4, 995-1016.<\/p>\n<p>Boal, I. y Herrero, L.C. (2017): \u201cLa distribuci\u00f3n espacial de las actividades culturales y creativas en Castilla y Le\u00f3n: un an\u00e1lisis mediante t\u00e9cnicas de econometr\u00eda espacial\u201d, en M. Valdivida L\u00f3pez y J.R. Cuadrado Roura (Eds.) <em>La Econom\u00eda de las actividades creativas: una perspectiva desde Espa\u00f1a y M\u00e9xico<\/em>, CRIM-UNAM y Universidad de Alcal\u00e1, M\u00e9xico, Madrid.<\/p>\n<p>Boal San Miguel, I (2015): <em>El sector cultural y creativo en Castilla y Le\u00f3n: an\u00e1lisis espacial y desarrollo econ\u00f3mico<\/em>. Diputaci\u00f3n de Palencia, Palencia.<\/p>\n<\/div>\n","protected":false},"excerpt":{"rendered":"<p>[:es] Volver \u00ab Alumno Doctorado Econom\u00eda Departamento Econom\u00eda Aplicada Facultad de Comercio Plaza del Campus Universitario, 1,\u00a047011, Valladolid Tel\u00e9fono: +34 983 423 576 Email:\u00a0boal03@hotmail.com Web: http:\/\/www.emp.uva.es\/giec CV breve \u00a0Diplomado en Ciencias Empresariales y Graduado en Administraci\u00f3n y Direcci\u00f3n de Empresas por la Universidad de Valladolid, as\u00ed como M\u00e1ster en Investigaci\u00f3n en Econom\u00eda de esta misma [&hellip;]<\/p>\n","protected":false},"author":59,"featured_media":0,"parent":0,"menu_order":0,"comment_status":"closed","ping_status":"closed","template":"","meta":{"footnotes":""},"class_list":["post-1511","page","type-page","status-publish","hentry"],"_links":{"self":[{"href":"https:\/\/giec.blogs.uva.es\/index.php?rest_route=\/wp\/v2\/pages\/1511","targetHints":{"allow":["GET"]}}],"collection":[{"href":"https:\/\/giec.blogs.uva.es\/index.php?rest_route=\/wp\/v2\/pages"}],"about":[{"href":"https:\/\/giec.blogs.uva.es\/index.php?rest_route=\/wp\/v2\/types\/page"}],"author":[{"embeddable":true,"href":"https:\/\/giec.blogs.uva.es\/index.php?rest_route=\/wp\/v2\/users\/59"}],"replies":[{"embeddable":true,"href":"https:\/\/giec.blogs.uva.es\/index.php?rest_route=%2Fwp%2Fv2%2Fcomments&post=1511"}],"version-history":[{"count":0,"href":"https:\/\/giec.blogs.uva.es\/index.php?rest_route=\/wp\/v2\/pages\/1511\/revisions"}],"wp:attachment":[{"href":"https:\/\/giec.blogs.uva.es\/index.php?rest_route=%2Fwp%2Fv2%2Fmedia&parent=1511"}],"curies":[{"name":"wp","href":"https:\/\/api.w.org\/{rel}","templated":true}]}}

Iván Boal San Miguel

<p>[:es]<br />
Volver</p>
<h1 style="margin-top: 5px"><a href="https://giec.blogs.uva.es/files/2015/06/Foto.png"><img loading="lazy" decoding="async" class=" wp-image-1605 alignright" src="https://giec.blogs.uva.es/files/2015/06/Foto-300x208.png" alt="Foto" width="269" height="187" srcset="https://giec.blogs.uva.es/files/2015/06/Foto-300x208.png 300w, https://giec.blogs.uva.es/files/2015/06/Foto-250x173.png 250w, https://giec.blogs.uva.es/files/2015/06/Foto.png 480w" sizes="auto, (max-width: 269px) 100vw, 269px" /></a></h1>
<p style="font-style: normal"><a href="https://giec.blogs.uva.es/?page_id=968" target="_self" rel="noopener noreferrer">«<br />
</a></p>
<p style="font-style: normal">Alumno Doctorado Economía</p>
<p style="line-height: 22px">Departamento Economía Aplicada</p>
<p style="line-height: 22px">Facultad de Comercio</p>
<p style="line-height: 22px">Plaza del Campus Universitario, 1, 47011, Valladolid</p>
<p class="telefono" style="margin-bottom: 5px;line-height: 22px">Teléfono: +34 983 423 576</p>
<p class="email" style="margin-bottom: 5px;line-height: 22px">Email: boal03@hotmail.com</p>
<p class="web" style="margin-bottom: 5px;line-height: 22px">Web: <a href="http://www.emp.uva.es/giec" target="_blank" rel="noopener noreferrer">http://www.emp.uva.es/giec</a></p>
<p style="font-weight: bold;margin-bottom: 8px;line-height: 175%">CV breve</p>
<div style="background-color: #c5d3e2;width: 100%;height: 185px;overflow: auto;margin-bottom: 10px">
<p> Diplomado en Ciencias Empresariales y Graduado en Administración y Dirección de Empresas por la Universidad de Valladolid, así como Máster en Investigación en Economía de esta misma Universidad y el postgrado de formación de Gestores de I+D+i de la Agencia de Innovación de la Junta de Castilla y León. Obtiene beca en proyecto de la Escuela Universitaria de Estudios Empresariales en la Universidad de Valladolid. Obtuvo el “Primer premio de Investigación de la Diputación de Valladolid” por su tesina, y la publicación de su primer libro ha sido fruto de la obtención de la beca en Economía Aplicada Regional “José Antonio Martín Boadilla”. Su investigación en economía de la cultura se centra en el análisis espacial de las actividades culturales, así como su implicación en el desarrollo económico local y regional, asistiendo a seminarios de formación en diferentes universidades. Ha impartido docencia como experto invitado dentro de la asignatura Evaluación de instituciones y políticas culturales del Máster de Economía de la Cultura y Gestión Cultural de la Universidad de Valladolid. Ha presentado comunicaciones en diferentes congresos científicos de carácter nacional e internacional, como XL Reunión de Estudios Regionales 2014, VI Workshop de Economía y Gestión de la Cultura de la Universidad de Nebrija, XII Jornadas Internacionales de Política Económica de Toledo, Seminario Internacional de Economía Regional de las Actividades Creativas de la Universidad de Alcalá.</p>
</div>
<p style="font-weight: bold;margin-bottom: 8px;line-height: 175%">Principales Publicaciones</p>
<div style="background-color: #c5d3e2;width: 100%;height: 185px;overflow: auto;margin-bottom: 10px">
<p>Herrero-Prieto, L.C.; Boal-San Miguel, I. y Gómez-Vega, M. (2019): “Deep-Rooted Culture and Economic Development: Taking the Seven Deadly Sins to Build a Well-Being Composite Indicator”, <em>Social Indicators Research</em>, 144(2), 601-624.</p>
<p>Boal San Miguel, I. (2019): “The geography of creative and cultural industries in Spain: location and economies of agglomeration”, <em>Commentary on Cultural Industry in China</em>. Cultural Industry Innovation &amp; Development Academy, Shanghai Jiao Tong University, China, 27.</p>
<p>Boal, I. y Herrero, L.C. (2018): “Where are the artists? Analysing economies of agglomeration in Castile and Leon, Spain”, <em>Papers in Regional Science</em>, (97)4, 995-1016.</p>
<p>Boal, I. y Herrero, L.C. (2017): “La distribución espacial de las actividades culturales y creativas en Castilla y León: un análisis mediante técnicas de econometría espacial”, en M. Valdivida López y J.R. Cuadrado Roura (Eds.) <em>La Economía de las actividades creativas: una perspectiva desde España y México</em>, CRIM-UNAM y Universidad de Alcalá, México, Madrid.</p>
<p>Boal San Miguel, I (2015): <em>El sector cultural y creativo en Castilla y León: análisis espacial y desarrollo económico</em>. Diputación de Palencia, Palencia.</p>
</div>
<p>[:gb]</p>
<h1 style="margin-top: 5px"><a href="https://giec.blogs.uva.es/files/2015/06/Foto.png"><img loading="lazy" decoding="async" class=" wp-image-1605 alignright" src="https://giec.blogs.uva.es/files/2015/06/Foto-300x208.png" alt="Foto" width="269" height="187" srcset="https://giec.blogs.uva.es/files/2015/06/Foto-300x208.png 300w, https://giec.blogs.uva.es/files/2015/06/Foto-250x173.png 250w, https://giec.blogs.uva.es/files/2015/06/Foto.png 480w" sizes="auto, (max-width: 269px) 100vw, 269px" /></a></h1>
<p>Return</p>
<p style="font-style: normal">Phd Student in Economics</p>
<p style="line-height: 22px">Applied Economics Department</p>
<p style="line-height: 22px">Faculty of Business</p>
<p style="line-height: 22px">Plaza del Campus Universitario, 1, 47011, Valladolid</p>
<p class="telephone" style="margin-bottom: 5px;line-height: 22px">Telephone: +34 983 423 576</p>
<p class="email" style="margin-bottom: 5px;line-height: 22px">Email: boal03@hotmail.com</p>
<p class="web" style="margin-bottom: 5px;line-height: 22px">Web: <a href="http://www.emp.uva.es/giec" target="_blank" rel="noopener noreferrer">http://www.emp.uva.es/giec</a></p>
<p style="font-weight: bold;margin-bottom: 8px;line-height: 175%">Short CV</p>
<div style="background-color: #c5d3e2;width: 100%;height: 185px;overflow: auto;margin-bottom: 10px">
<p> Diplomado en Ciencias Empresariales y Graduado en Administración y Dirección de Empresas por la Universidad de Valladolid, así como Máster en Investigación en Economía de esta misma Universidad y el postgrado de formación de Gestores de I+D+i de la Agencia de Innovación de la Junta de Castilla y León. Obtiene beca en proyecto de la Escuela Universitaria de Estudios Empresariales en la Universidad de Valladolid. Obtuvo el “Primer premio de Investigación de la Diputación de Valladolid” por su tesina, y la publicación de su primer libro ha sido fruto de la obtención de la beca en Economía Aplicada Regional “José Antonio Martín Boadilla”. Su investigación en economía de la cultura se centra en el análisis espacial de las actividades culturales, así como su implicación en el desarrollo económico local y regional, asistiendo a seminarios de formación en diferentes universidades. Ha impartido docencia como experto invitado dentro de la asignatura Evaluación de instituciones y políticas culturales del Máster de Economía de la Cultura y Gestión Cultural de la Universidad de Valladolid. Ha presentado comunicaciones en diferentes congresos científicos de carácter nacional e internacional, como XL Reunión de Estudios Regionales 2014, VI Workshop de Economía y Gestión de la Cultura de la Universidad de Nebrija, XII Jornadas Internacionales de Política Económica de Toledo, Seminario Internacional de Economía Regional de las Actividades Creativas de la Universidad de Alcalá.</p>
</div>
<p style="font-weight: bold;margin-bottom: 8px;line-height: 175%">Main Publications</p>
<div style="background-color: #c5d3e2;width: 100%;height: 185px;overflow: auto;margin-bottom: 10px">
<p>Herrero-Prieto, L.C.; Boal-San Miguel, I. y Gómez-Vega, M. (2019): “Deep-Rooted Culture and Economic Development: Taking the Seven Deadly Sins to Build a Well-Being Composite Indicator”, <em>Social Indicators Research</em>, 144(2), 601-624.</p>
<p>Boal San Miguel, I. (2019): “The geography of creative and cultural industries in Spain: location and economies of agglomeration”, <em>Commentary on Cultural Industry in China</em>. Cultural Industry Innovation &amp; Development Academy, Shanghai Jiao Tong University, China, 27.</p>
<p>Boal, I. y Herrero, L.C. (2018): “Where are the artists? Analysing economies of agglomeration in Castile and Leon, Spain”, <em>Papers in Regional Science</em>, (97)4, 995-1016.</p>
<p>Boal, I. y Herrero, L.C. (2017): “La distribución espacial de las actividades culturales y creativas en Castilla y León: un análisis mediante técnicas de econometría espacial”, en M. Valdivida López y J.R. Cuadrado Roura (Eds.) <em>La Economía de las actividades creativas: una perspectiva desde España y México</em>, CRIM-UNAM y Universidad de Alcalá, México, Madrid.</p>
<p>Boal San Miguel, I (2015): <em>El sector cultural y creativo en Castilla y León: análisis espacial y desarrollo económico</em>. Diputación de Palencia, Palencia.</p>
</div>

<p>[:es] Volver « Alumno Doctorado Economía Departamento Economía Aplicada Facultad de Comercio Plaza del Campus Universitario, 1, 47011, Valladolid Teléfono: +34 983 423 576 Email: boal03@hotmail.com Web: http://www.emp.uva.es/giec CV breve  Diplomado en Ciencias Empresariales y Graduado en Administración y Dirección de Empresas por la Universidad de Valladolid, así como Máster en Investigación en Economía de esta misma [&hellip;]</p>
