{"id":1066,"date":"2012-02-20T20:33:58","date_gmt":"2012-02-20T20:33:58","guid":{"rendered":"http:\/\/giec.blogs.uva.es\/?page_id=1066"},"modified":"2019-06-26T11:32:03","modified_gmt":"2019-06-26T11:32:03","slug":"maria-jose-del-barrio-tellado","status":"publish","type":"page","link":"https:\/\/giec.blogs.uva.es\/?page_id=1066","title":{"rendered":"Mar\u00eda Jos\u00e9 del Barrio Tellado"},"content":{"rendered":"<p>[:es]<\/p>\n<p style=\"font-size: 10px;margin-top: 0;padding-top: 0px\"><a href=\"https:\/\/giec.blogs.uva.es\/?page_id=968\" target=\"_self\" rel=\"noopener noreferrer\">\u00ab Volver<\/a><\/p>\n<h1 style=\"margin-top: 5px\">Mar\u00eda Jos\u00e9 del Barrio Tellado<\/h1>\n<p><a href=\"https:\/\/giec.blogs.uva.es\/files\/2012\/02\/th_3fb9509614e620362a746ac0ed563885_fotomjose_mod.jpg\"><img loading=\"lazy\" decoding=\"async\" class=\"alignright size-full wp-image-1180\" src=\"https:\/\/giec.blogs.uva.es\/files\/2012\/02\/th_3fb9509614e620362a746ac0ed563885_fotomjose_mod.jpg\" alt=\"Mar\u00eda Jos\u00e9 del Barrio Tellado\" width=\"200\" height=\"280\" \/><\/a><\/p>\n<p style=\"font-style: normal\">Profesora Titular de Econom\u00eda Financiera y Contabilidad<\/p>\n<p style=\"line-height: 22px\">Facultad de Comercio<\/p>\n<p style=\"line-height: 22px\">Universidad de Valladolid<\/p>\n<p style=\"line-height: 22px\">Plaza del Campus Universitario, 1,\u00a047011, Valladolid<\/p>\n<p class=\"telefono\" style=\"margin-bottom: 5px;line-height: 22px\">Tel\u00e9fono: +34 983 184 642<\/p>\n<p class=\"fax\" style=\"margin-bottom: 5px;line-height: 22px\">Fax: +34 983 423 056<\/p>\n<p class=\"email\" style=\"margin-bottom: 5px;line-height: 22px\">Email: <a href=\"mailto:mjose@emp.uva.es\">mjose@emp.uva.es<\/a><\/p>\n<p class=\"web\" style=\"margin-bottom: 5px;line-height: 22px\">Web: <a href=\"http:\/\/www.emp.uva.es\/giec\" target=\"_blank\" rel=\"noopener noreferrer\">http:\/\/www.emp.uva.es\/giec<\/a><\/p>\n<p class=\"web\" style=\"margin-bottom: 5px;line-height: 22px\">Docencia: <a href=\"http:\/\/www.uva.es\/cocoon_uva\/impe\/uva\/contenidoDinamico?funcion=ProfesorDetalle&amp;origen=centro&amp;dni_encrip=uvl2crz1oH8cU&amp;idMenuDer=&amp;idCampus=3859&amp;idCentro=33230&amp;tamLetra=&amp;idMenus=93,3185\" target=\"_blank\" rel=\"noopener noreferrer\"> Ver <\/a><\/p>\n<p style=\"font-weight: bold;margin-bottom: 8px;line-height: 175%\">CV breve<\/p>\n<div style=\"background-color: #c5d3e2;width: 100%;height: 185px;overflow: auto;margin-bottom: 10px\">\n<p style=\"padding: 3px 15px 3px 15px\">Mar\u00eda Jos\u00e9 del Barrio Tellado es Profesora\u00a0 Titular del Departamento de Econom\u00eda Financiera y Contabilidad de la Universidad de Valladolid. Doctora en Ciencias Econ\u00f3micas y Empresariales, su trabajo de investigaci\u00f3n se centra en los instrumentos financieros\u00a0 y en los indicadores de comportamiento de instituciones culturales. Participa en el M\u00e1ster de Investigaci\u00f3n en Contabilidad y Gesti\u00f3n Financiera y en el M\u00e1ster Universitario en Econom\u00eda de la Cultura y Gesti\u00f3n Cultural, as\u00ed como en otros seminarios. Colabora en diferentes proyectos de investigaci\u00f3n y ha publicado sus trabajos en revistas como <em>Journal of Cultural Heritage<\/em>, <em>European Urban and Regional Studies<\/em>, e <em>International Journal of Tourism Research<\/em>.<\/p>\n<\/div>\n<p class=\"pdf\" style=\"padding-bottom: 2px;margin-bottom: 8px;line-height: 175%;font-weight: bold\"><a href=\"https:\/\/giec.blogs.uva.es\/files\/2012\/02\/MARIA_JOSE_DEL_BARRIO_CV_ENGLISH1.pdf\">Short CV<\/a><\/p>\n<p><strong>Publicaciones principales<\/strong><\/p>\n<div style=\"background-color: #c5d3e2;width: 100%;height: 150px;overflow: auto;margin-bottom: 15px\">\n<p style=\"text-align: justify;padding-left: 40px\"><span lang=\"EN-US\">del Barrio-Tellado, M.J. and<\/span><span lang=\"EN-US\"> Herrero-Prieto, L.C. (2019). \u00abModelling\u00a0 museum efficiency in producing inter-reliant outputs\u00bb. <i>Journal of Cultural Economics<\/i>,\u00a0<\/span><a class=\"moz-txt-link-freetext\" href=\"https:\/\/doi.org\/10.1007\/s10824-019-09347-2\" target=\"_blank\" rel=\"noopener noreferrer\">https:\/\/doi.org\/10.1007\/s10824-019-09347-2<\/a>.<\/p>\n<p class=\"pdf\" style=\"padding: 3px 15px 3px 20px\">del Barrio-Tellado, M.J. and Herrero-Prieto, L.C. (2014) \u201cEvaluating the efficiency of museums using multiple outputs: evidence from a regional system of museums in Spain\u201d<em>International Journal of Cultural Policy<\/em><em>, <\/em>20 (2), 221-238, 2014<\/p>\n<p class=\"pdf\" style=\"padding: 3px 15px 3px 20px\"><a href=\"https:\/\/giec.blogs.uva.es\/files\/2012\/02\/ijtr2012proofse.viewonline.pdf\" target=\"_blank\" rel=\"noopener noreferrer\">Herrero, L.C., Sanz, J.A. Bedate, A. y Barrio, M.J (2012) \u201cWho Pays More for a Cultural Festival, Tourists or Locals? A Certainty Analysis of a Contingent Valuation Application\u201d, <em>International Journal of Tourism Research<\/em>, (acept. Nov. 2011. DOI: 10.1002\/jtr.1860)<\/a><\/p>\n<p class=\"pdf\" style=\"padding: 3px 15px 3px 20px\"><a href=\"https:\/\/giec.blogs.uva.es\/files\/2012\/03\/jch2009publicacion.pdf\" target=\"_blank\" rel=\"noopener noreferrer\">Barrio, M.J del, Herrero, L.C. y Sanz, J.A. (2009) \u201cMeasuring the Efficiency of Heritage Institutions: A Case Study of a Regional System of Museums in Spain\u201d, <em>Journal of Cultural Heritage,<\/em> 10 (2), 258-268<\/a><\/p>\n<p style=\"padding: 5px 15px 0 15px\">Herrero Prieto, L.C., Sanz Lara, J.A., Bedate Centeno, A., Devesa Fern\u00e1ndez, M. y Barrio Tellado, M.J. del (2007) \u201cEconomic Impact and Social Performance of Cultural Macrofestivals\u201d, in: Greg Fichards (Ed.) <em>Cultural Tourism. Global and Local Perspectives<\/em>, The Haworth Press, New York<\/p>\n<p class=\"pdf\" style=\"padding: 3px 15px 3px 20px\"><a href=\"https:\/\/giec.blogs.uva.es\/files\/2012\/02\/eurs2006.pdf\" target=\"_blank\" rel=\"noopener noreferrer\">Herrero Prieto, L.C., Sanz Lara, J.A., Bedate Centeno, A., Devesa Fern\u00e1ndez, M. y Barrio Tellado, M.J. del (2006) \u201cThe Economic Impact of Cultural Events: a Case-Study of Salamanca 2002, European Capital of Culture\u201d, <em>European Urban and Regional Studies,<\/em> 13(1), 41-57.<\/a><\/p>\n<p style=\"padding: 5px 15px 0 15px\">Herrero, L.C., Sanz, J.A., Bedate, A., Devesa, M. y Del Barrio, M.J. (2004). <em>Turismo Cultural e Impacto Econ\u00f3mico de Salamanca 2002, Ciudad Europea de la Cultura<\/em>. Madrid: Civitas.<\/p>\n<\/div>\n<p class=\"pdf\" style=\"padding-bottom: 2px;margin-bottom: 8px;line-height: 175%;font-weight: bold\"><a href=\"https:\/\/drive.google.com\/open?id=14k8AaeL9rxwntLnW_Cu1Fi8QF5y5xS3P\"><strong>CV Normalizado<\/strong><\/a><\/p>\n<p>[:gb]<\/p>\n<p style=\"font-size: 10px;margin-top: 0;padding-top: 0px\"><a href=\"https:\/\/giec.blogs.uva.es\/?page_id=968\" target=\"_self\" rel=\"noopener noreferrer\">\u00ab Return<\/a><\/p>\n<h1 style=\"margin-top: 5px\">Mar\u00eda Jos\u00e9 del Barrio Tellado<\/h1>\n<p><a href=\"https:\/\/giec.blogs.uva.es\/files\/2012\/02\/th_3fb9509614e620362a746ac0ed563885_fotomjose_mod.jpg\"><img loading=\"lazy\" decoding=\"async\" class=\"alignright size-full wp-image-1180\" src=\"https:\/\/giec.blogs.uva.es\/files\/2012\/02\/th_3fb9509614e620362a746ac0ed563885_fotomjose_mod.jpg\" alt=\"Mar\u00eda Jos\u00e9 del Barrio Tellado\" width=\"200\" height=\"280\" \/><\/a><\/p>\n<p style=\"font-style: normal\">Titular Profesor of E.U. Financial Economics and Accounting<\/p>\n<p style=\"line-height: 22px\">Facultad de Comercio<\/p>\n<p style=\"line-height: 22px\">University of Valladolid<\/p>\n<p style=\"line-height: 22px\">Plaza del Campus Universitario, 1,\u00a047011, Valladolid<\/p>\n<p class=\"telephone\" style=\"margin-bottom: 5px;line-height: 22px\">Telephone: +34 983 184 642<\/p>\n<p class=\"fax\" style=\"margin-bottom: 5px;line-height: 22px\">Fax: +34 983 423 056<\/p>\n<p class=\"email\" style=\"margin-bottom: 5px;line-height: 22px\">Email: <a href=\"mailto:mjose@emp.uva.es\">mjose@emp.uva.es<\/a><\/p>\n<p class=\"web\" style=\"margin-bottom: 5px;line-height: 22px\">Web: <a href=\"http:\/\/www.emp.uva.es\/giec\" target=\"_blank\" rel=\"noopener noreferrer\">http:\/\/www.emp.uva.es\/giec<\/a><\/p>\n<p class=\"web\" style=\"margin-bottom: 5px;line-height: 22px\">Teaching: <a href=\"http:\/\/www.uva.es\/cocoon_uva\/impe\/uva\/contenidoDinamico?funcion=ProfesorDetalle&amp;origen=centro&amp;dni_encrip=uvl2crz1oH8cU&amp;idMenuDer=&amp;idCampus=3859&amp;idCentro=33230&amp;tamLetra=&amp;idMenus=93,3185\" target=\"_blank\" rel=\"noopener noreferrer\"> Show <\/a><\/p>\n<p style=\"font-weight: bold;margin-bottom: 8px;line-height: 175%\">Short CV<\/p>\n<div style=\"background-color: #c5d3e2;width: 100%;height: 185px;overflow: auto;margin-bottom: 10px\">\n<p style=\"padding: 3px 15px 3px 15px\">Mar\u00eda Jos\u00e9 del Barrio Tellado holds a PhD in Business and Economics and is<br \/>\nassociate professor of Accounting at the University of Valladolid (Spain). Her research is connected with financial instruments and performance indicators of public cultural institutions. She participates in a PhD Programme on Accountancy and in several post-graduate seminars. She has also taken part in different research projects and has published her work in such journals as the Journal of Cultural Heritage, European Urban and Regional Studies, and International Journal of Tourism Research.<\/p>\n<\/div>\n<p class=\"pdf\" style=\"padding-bottom: 2px;margin-bottom: 8px;line-height: 175%;font-weight: bold\"><a href=\"https:\/\/giec.blogs.uva.es\/files\/2012\/02\/MARIA_JOSE_DEL_BARRIO_CV_ENGLISH1.pdf\">Short CV<\/a><\/p>\n<p><strong>Main Publications<\/strong><\/p>\n<div style=\"background-color: #c5d3e2;width: 100%;height: 150px;overflow: auto;margin-bottom: 15px\">\n<p style=\"text-align: justify;padding-left: 40px\"><span lang=\"EN-US\">\u00a0del Barrio-Tellado, M.J. and<\/span><span lang=\"EN-US\"> Herrero-Prieto, L.C. (2019). \u00abModelling museum efficiency in producing inter-reliant outputs\u00bb. <i>Journal of Cultural Economics<\/i>,\u00a0<\/span><a class=\"moz-txt-link-freetext\" href=\"https:\/\/doi.org\/10.1007\/s10824-019-09347-2\" target=\"_blank\" rel=\"noopener noreferrer\">https:\/\/doi.org\/10.1007\/s10824-019-09347-2<\/a>.<\/p>\n<p class=\"pdf\" style=\"padding: 3px 15px 3px 20px\">del Barrio-Tellado, M.J. and Herrero-Prieto, L.C. (2014) \u201cEvaluating the efficiency of museums using multiple outputs: evidence from a regional system of museums in Spain\u201d<em>International Journal of Cultural Policy<\/em><em>, <\/em>20 (2), 221-238, 2014<\/p>\n<p class=\"pdf\" style=\"padding: 3px 15px 3px 20px\"><a href=\"https:\/\/giec.blogs.uva.es\/files\/2012\/02\/ijtr2012proofse.viewonline.pdf\" target=\"_blank\" rel=\"noopener noreferrer\">Herrero, L.C., Sanz, J.A. Bedate, A. y Barrio, M.J (2012) \u201cWho Pays More for a Cultural Festival, Tourists or Locals? A Certainty Analysis of a Contingent Valuation Application\u201d, <em>International Journal of Tourism Research<\/em>, (acept. Nov. 2011. DOI: 10.1002\/jtr.1860)<\/a><\/p>\n<p class=\"pdf\" style=\"padding: 3px 15px 3px 20px\"><a href=\"https:\/\/giec.blogs.uva.es\/files\/2012\/03\/jch2009publicacion.pdf\" target=\"_blank\" rel=\"noopener noreferrer\">Barrio, M.J del, Herrero, L.C. y Sanz, J.A. (2009) \u201cMeasuring the Efficiency of Heritage Institutions: A Case Study of a Regional System of Museums in Spain\u201d, <em>Journal of Cultural Heritage,<\/em> 10 (2), 258-268<\/a><\/p>\n<p style=\"padding: 5px 15px 0 15px\">Herrero Prieto, L.C., Sanz Lara, J.A., Bedate Centeno, A., Devesa Fern\u00e1ndez, M. y Barrio Tellado, M.J. del (2007) \u201cEconomic Impact and Social Performance of Cultural Macrofestivals\u201d, in: Greg Fichards (Ed.) <em>Cultural Tourism. Global and Local Perspectives<\/em>, The Haworth Press, New York<\/p>\n<p class=\"pdf\" style=\"padding: 3px 15px 3px 20px\"><a href=\"https:\/\/giec.blogs.uva.es\/files\/2012\/02\/eurs2006.pdf\" target=\"_blank\" rel=\"noopener noreferrer\">Herrero Prieto, L.C., Sanz Lara, J.A., Bedate Centeno, A., Devesa Fern\u00e1ndez, M. y Barrio Tellado, M.J. del (2006) \u201cThe Economic Impact of Cultural Events: a Case-Study of Salamanca 2002, European Capital of Culture\u201d, <em>European Urban and Regional Studies,<\/em> 13(1), 41-57.<\/a><\/p>\n<p style=\"padding: 5px 15px 0 15px\">Herrero, L.C., Sanz, J.A., Bedate, A., Devesa, M. y Del Barrio, M.J. (2004). <em>Turismo Cultural e Impacto Econ\u00f3mico de Salamanca 2002, Ciudad Europea de la Cultura<\/em>. Madrid: Civitas.<\/p>\n<\/div>\n<p class=\"pdf\" style=\"padding-bottom: 2px;margin-bottom: 8px;line-height: 175%;font-weight: bold\"><a href=\"https:\/\/drive.google.com\/open?id=14k8AaeL9rxwntLnW_Cu1Fi8QF5y5xS3P\"><strong>CV Standardized<\/strong><\/a><\/p>\n","protected":false},"excerpt":{"rendered":"<p>[:es] \u00ab Volver Mar\u00eda Jos\u00e9 del Barrio Tellado Profesora Titular de Econom\u00eda Financiera y Contabilidad Facultad de Comercio Universidad de Valladolid Plaza del Campus Universitario, 1,\u00a047011, Valladolid Tel\u00e9fono: +34 983 184 642 Fax: +34 983 423 056 Email: mjose@emp.uva.es Web: http:\/\/www.emp.uva.es\/giec Docencia: Ver CV breve Mar\u00eda Jos\u00e9 del Barrio Tellado es Profesora\u00a0 Titular del Departamento [&hellip;]<\/p>\n","protected":false},"author":59,"featured_media":0,"parent":0,"menu_order":0,"comment_status":"closed","ping_status":"closed","template":"","meta":{"footnotes":""},"class_list":["post-1066","page","type-page","status-publish","hentry"],"_links":{"self":[{"href":"https:\/\/giec.blogs.uva.es\/index.php?rest_route=\/wp\/v2\/pages\/1066","targetHints":{"allow":["GET"]}}],"collection":[{"href":"https:\/\/giec.blogs.uva.es\/index.php?rest_route=\/wp\/v2\/pages"}],"about":[{"href":"https:\/\/giec.blogs.uva.es\/index.php?rest_route=\/wp\/v2\/types\/page"}],"author":[{"embeddable":true,"href":"https:\/\/giec.blogs.uva.es\/index.php?rest_route=\/wp\/v2\/users\/59"}],"replies":[{"embeddable":true,"href":"https:\/\/giec.blogs.uva.es\/index.php?rest_route=%2Fwp%2Fv2%2Fcomments&post=1066"}],"version-history":[{"count":0,"href":"https:\/\/giec.blogs.uva.es\/index.php?rest_route=\/wp\/v2\/pages\/1066\/revisions"}],"wp:attachment":[{"href":"https:\/\/giec.blogs.uva.es\/index.php?rest_route=%2Fwp%2Fv2%2Fmedia&parent=1066"}],"curies":[{"name":"wp","href":"https:\/\/api.w.org\/{rel}","templated":true}]}}